ite number?
False
Suppose 4*r - 8*r + 5*n + 14 = 0, -2*r - 3*n - 4 = 0. Is (-19)/r*1/(-1) composite?
False
Suppose 131 = -2*y + 555. Suppose -y = -4*b + 3*d, 5*d + 124 + 88 = 4*b. Is b prime?
True
Let x = 13 + -8. Suppose -x*j + 33 = 2*f, f + j - 30 = -6. Suppose -3 + f = r. Is r a composite number?
True
Suppose -2 = -g - 0*g. Suppose 20 = g*d + 3*b - 0*b, -5*d = -2*b - 50. Is d a prime number?
False
Let l be ((-5)/(-3))/(8/120). Let o = l + -15. Is o a prime number?
False
Let a(p) = 359*p + 6. Is a(7) prime?
False
Suppose 0 = 2*f - 4*g + 150, -4*g = f + 29 + 64. Let m = 8 - f. Is m prime?
True
Let l be (2/6)/((-1)/6). Let w be (2 + 1/l)*-2. Let r = w + 18. Is r a prime number?
False
Let p(o) = 42*o - 2. Let b be p(3). Suppose -3*z = z - b. Is z prime?
True
Suppose 2*d = 5*p - 6 + 37, -4*d = 3*p + 29. Let j(i) = -i**3 - 3*i**2 + i - 4. Is j(p) composite?
True
Suppose 4*d = 3*b - 577, 5*d = -b - 3*b + 759. Is b a prime number?
True
Suppose 10*n - 524 = 146. Is n a composite number?
False
Let a be 3 + 14*21/6. Let p = a + 1. Is p prime?
True
Let k be (-2)/(-16)*4*8. Suppose 8*l = k*l + 100. Is l a prime number?
False
Let v be (38/3)/((-4)/(-30)). Suppose -36 = a - 2*y - v, -162 = -3*a + y. Is a a prime number?
True
Let h(v) = v**3 + 3*v**2 - 4*v + 3. Let q be h(-4). Suppose 192 = 4*f + f + q*d, 4*f - 155 = -d. Is f a composite number?
True
Let i(b) = 2*b**2 - 15*b + 9. Let u = 4 - -6. Is i(u) composite?
False
Let n(h) = h**3 - 2*h**2 + 2*h - 6. Let p(b) = -2*b**3 + b**2 - b + 5. Let t(u) = -3*n(u) - 4*p(u). Is t(3) a prime number?
False
Suppose y - 2 = 0, -3*y = 3*r + 16 - 46. Suppose -r*t + 45 = -5*t. Is t a prime number?
False
Let t(a) = -a**3 + 7*a**2 - 5*a - 8. Let p be t(6). Is (p/4)/(3/(-2514)) composite?
False
Suppose -h - 2*c + 4*c = 6, -3*c + 22 = 5*h. Let n(m) = 14*m**3 + m - 1. Is n(h) composite?
False
Suppose -q = -2*u, 6 = -3*u - 0*u + 3*q. Suppose -u*t + 0*t + 8 = 0. Suppose 4*m - 322 = 2*n, -n = -4*m - t*n + 307. Is m prime?
True
Let h(r) = r**3 - 2*r**2 + 1. Let s be h(-1). Is ((-35)/2)/(s/4) composite?
True
Let r = -5 + 4. Let t be r - 2 - (0 - 7). Suppose 0 = -t*g + 111 + 197. Is g a prime number?
False
Suppose -t - 2*n + 12 = 0, 0 = 4*t - 7*t - 5*n + 31. Is t/3 + 165/9 a prime number?
True
Let a = 536 - -167. Is a prime?
False
Suppose -2*q - 33 = v, 0*q + q - 2*v = -4. Let g be (-6)/3 + q/(-2). Suppose h + g*o = 236, o - 1252 = -5*h - 0*o. Is h composite?
False
Let q be 3*(2390/(-6))/(-5). Suppose 0 = 2*s - q - 275. Is s a composite number?
False
Let v = 82 + 549. Is v a prime number?
True
Suppose 0 = v - 0*v - 5. Suppose -v*w + 1225 + 460 = 0. Is w a prime number?
True
Suppose 4*i - 28 = -0*i. Suppose 0 = 2*r - i*r + 1005. Is r prime?
False
Let g = 379 - -90. Is g prime?
False
Let w(n) = n**2 - 9*n - 25. Is w(-8) prime?
False
Suppose 374 = 2*x - 240. Is x a composite number?
False
Let l(v) = 13*v - 1. Let y = 9 + -6. Let t be l(y). Let d = -15 + t. Is d a composite number?
False
Let y(i) = 24*i**2 + 4*i + 3. Suppose -9 = 3*q - n, -3*q + n - 18 = -3*n. Let t be y(q). Let f = t - -68. Is f composite?
True
Let l = 12 - 4. Let v be (-2 - (-38)/l)*4. Let a = v + 12. Is a a prime number?
True
Let z = -491 - -1438. Is z a prime number?
True
Let s = -52 + 76. Suppose 2*y + 2*y - s = 0. Let w(m) = m**3 - 5*m**2 - 2*m + 1. Is w(y) composite?
True
Suppose 5 = -5*f + 5*d, -5*d + d = -5*f. Suppose -5*j - 1347 = -3*l, 2*l - 5*j + f*j - 898 = 0. Is l a prime number?
True
Suppose q + 10 = -x, -4*x + 5*q - 22 = -x. Let u = 76 - x. Is u a prime number?
False
Suppose -b + 153 = o, 4*b + 113 = -3*o + 730. Is b a prime number?
False
Let a = 27 - -52. Is a composite?
False
Let a = -1 - -1. Suppose -4*m + p + 3107 = a, -5*m + 4*p - 6*p + 3887 = 0. Suppose m = v + 2*v. Is v prime?
False
Let g = -4 - -4. Suppose -3*n - 59 + 680 = g. Suppose -n = -4*z - 71. Is z a prime number?
False
Let u(x) = -x - 3. Let k be u(-6). Suppose 5*m + 5*y = k*y + 187, 4*y = -m + 41. Is m a prime number?
True
Let v = -1 - -7. Let r(j) = j**2 - 11*j - 8. Let n be r(v). Is ((-25)/(-10))/((-1)/n) a composite number?
True
Let p = -662 + 1256. Suppose 2*c + o = 6*o + p, 3*o - 1240 = -4*c. Is c prime?
True
Let c be 1 + (9/(-3) - -2). Is (c - 14/1)/(-2) a prime number?
True
Let n(i) = 17*i**2 - 13*i - 7. Is n(-7) prime?
False
Let n(p) be the third derivative of -7/6*p**3 + p**2 + 2/15*p**5 - 7/24*p**4 + 0*p + 0 + 1/120*p**6. Is n(-7) a prime number?
False
Suppose f + 5*k + 4 = 744, -2*f - 2*k + 1504 = 0. Is f a composite number?
True
Suppose -p + 2*p = 2. Let w(i) = 0 - 12*i - 2 - i**p - 9. Is w(-8) a composite number?
True
Suppose m = 5*m - 8. Let a be 14/m*2/2. Let g = a + 0. Is g a prime number?
True
Let v = 19 + 19. Let g(s) = 38*s + 11*s**2 - v*s. Is g(-1) a prime number?
True
Let y be 6/3 - (-2)/(-2). Let t = -1 + y. Suppose -3*c = 2*x - 5*c - 150, -5*c + 10 = t. Is x a prime number?
False
Let f = 108 - 39. Is f composite?
True
Is 14/49 + (-2427)/(-7) prime?
True
Suppose 2*i + 4*h = 34, 2*h - 12 = -h. Let r = 12 - i. Is r composite?
False
Suppose -10 = -2*h - 0. Let o(m) = -3*m + 6. Let p(w) = 12*w - 24. Let a(r) = h*p(r) + 21*o(r). Is a(-5) composite?
True
Let k = 16 + -11. Suppose -k*i + 13 = -22. Is i prime?
True
Let z be (-26)/6 - (-1)/3. Is -3 - z - (-1 - 53) a prime number?
False
Suppose 2*k = -3*y - 8 + 355, y + 5*k - 120 = 0. Suppose 0*r + y = r. Is r prime?
False
Suppose -28 = 2*i + 44. Let x = -28 + 29. Is x - i - (-1 - 1) a composite number?
True
Suppose 0 = -4*u - 709 - 59. Let p = u - -303. Is p prime?
False
Suppose 0 = 15*m - 9*m - 6606. Is m prime?
False
Suppose 3*z + 2*t - 29 = 0, -z - 11 = -2*z - t. Let p(i) = i**2 - 5*i - 1. Is p(z) prime?
True
Let q(o) be the first derivative of -2*o**2 - 17*o + 1. Is q(-12) a prime number?
True
Suppose -7*x + 5*x = -2. Suppose 5*a - 14 - x = 0, -2114 = -2*o + 2*a. Suppose 4*s - 3*z - o = -z, 4*s - z = 1060. Is s composite?
True
Suppose 0 = -2*y - 0*y + 178. Suppose m - 5*t = -t + y, -2*t = 10. Is m a prime number?
False
Let l(x) = x**3 - 6*x**2 + 2. Let p be l(6). Suppose u - 113 - 30 = -p*o, -2*u + 296 = 2*o. Suppose -2*b + u = b. Is b a composite number?
True
Suppose 4*q + 2 + 6 = 0, q - 1393 = -5*n. Suppose f + f + 5*g - 167 = 0, n = 3*f - 2*g. Is f composite?
True
Suppose 17*l - 130 = 12*l. Is l prime?
False
Let z(s) = s + 10. Let y(r) = r**2 + 5*r - 2. Let v be y(-4). Let k be z(v). Suppose 0*u + k*u - 452 = 0. Is u prime?
True
Let j(t) = 2*t**2 + 3*t - 10. Is j(-7) a composite number?
False
Suppose -3*u - v = -5*u + 3, -u - v = -9. Suppose 5*g - 3*s - 54 - 27 = 0, -u*s - 38 = -2*g. Is g a composite number?
True
Let t(h) = -h**3 + 7*h**2 - 8*h + 6. Let v be t(6). Is (-1 + -73)/(v/3) a composite number?
False
Suppose 4*b - 54 = 3*y, y = -4*b - 3*y + 68. Let j = 54 - b. Is j a prime number?
False
Let n = 2061 + -1000. Is n a prime number?
True
Let n be 786/(-3)*1*-2. Let j = n + -361. Is j composite?
False
Let l = 30 + -21. Let r(i) = -i**2 + 9*i + 10. Is r(l) a prime number?
False
Suppose -8 = -4*j + 8. Is (-12)/(-48) - (-307)/j a prime number?
False
Is 15321/12 + (-5)/(-20) composite?
False
Suppose 3*z + 4 = 4*z. Suppose 9*x = z*x + 435. Is x prime?
False
Suppose 3*s - 10884 = -s - 2*c, s - 2721 = 5*c. Is s prime?
False
Suppose -41*h = -40*h - 115. Is h a composite number?
True
Let g(k) = k**2 + 13*k - 13. Let h be g(-11). Let a = h + 50. Is a composite?
True
Let j(f) = 6*f**2 - 2*f - 6. Let t be j(-5). Let z = -85 + t. Is z a composite number?
True
Let a(p) = p**3 - 5*p**2 + 4*p - 12. Let q be a(8). Suppose -3 - 1 = -4*s. Is (q + -1)/(s + 0) a prime number?
True
Suppose h - 2*w - 2*w + 283 = 0, 0 = 4*h - 3*w + 1171. Let f = -198 - h. Is f prime?
True
Suppose -x + 5*j = 2*x - 16, -2*x + 2 = j. Suppose x*r = -0*r + 142. Is r prime?
True
Suppose 0 = -5*h + 15, -2*s + 426 = -3*h - 911. Is s composite?
False
Let r be 6*(-1 - -16 - 2). Let v = -41 + r. Is v composite?
False
Let i = -222 + 318. Let f = i - 39. Is f a composite number?
True
Let v = -23 - -13. Let a(z) = -3*z + 3 - 9*z + 4*z. Is a(v) a prime number?
True
Suppose -s = 2*s - 12. Suppose 4*p - 14 = 2*i, -s*p + 23 = -6*i + i. Let c = 17 + i. Is c prime?
False
Suppose 2*d + 67 = -73. Let v = -49 - d. Let w = v - 8. Is w prime?
True
Let j be (3 - 1) + 2 + 3